).
1214
Let b(j) = -29*j**3 + 2798*j**2 + 22674*j - 204. Give b(104).
4
Let s(l) = l**3 + 10*l**2 + 1322*l + 11850. Determine s(-9).
33
Let g(x) = -7510*x - 225315. Determine g(-30).
-15
Let u(c) = c**3 + 48*c**2 + 150*c + 970. Determine u(-46).
-1698
Let w(j) = 983*j + 41000. Determine w(-38).
3646
Let q(v) = 2967*v - 8983. What is q(3)?
-82
Let u(g) = 4*g**2 + 157*g + 524. What is u(-27)?
-799
Let r(q) = -25*q**2 + 4651*q - 44011. Give r(10).
-1
Let o(t) = -676*t + 43725. Determine o(75).
-6975
Let c(i) = 41*i**3 + 5*i**2 + 20*i + 37. Determine c(-3).
-1085
Let v(j) = j**2 + 1159*j - 241143. Give v(180).
-123
Let q(z) = -52*z**2 - 649*z - 216. What is q(-12)?
84
Let x(s) = 2070*s - 979128. Determine x(473).
-18
Let f(k) = -14*k**2 - 447*k - 5538. Give f(-12).
-2190
Let v(k) = k**3 + 6*k**2 + 617*k + 2987. What is v(-5)?
-73
Let p(l) = l**3 - 23*l**2 + 149*l - 53. Give p(23).
3374
Let p(c) = 869*c**2 - 7829*c - 10. What is p(9)?
-82
Let d(p) = 80*p**3 - 31283*p**2 + 1173*p - 5. What is d(391)?
-5
Let p(k) = -44*k**3 + 4402*k**2 + 27772*k + 2. Give p(106).
2
Let j(d) = -430*d**2 + 3759*d + 7511. Give j(-2).
-1727
Let f(o) = 5743*o - 34523. Give f(6).
-65
Let s(v) = 328*v**2 + 518*v + 154. Give s(-1).
-36
Let q(f) = f**3 + 44*f**2 - 358*f - 42. What is q(-51)?
9
Let l(m) = m**2 - 519*m - 17086. Give l(-31).
-36
Let q(u) = 303*u**2 - 4251*u - 28. What is q(14)?
-154
Let d(n) = 2036*n**2 - 12202*n - 45. Determine d(6).
39
Let c(z) = 5*z**2 + 5550*z + 16664. Calculate c(-3).
59
Let g(c) = 233*c**3 + 265*c**2 - 23*c - 12. Calculate g(-1).
43
Let i(o) = -240*o - 980. What is i(-5)?
220
Let d(v) = -14*v**3 + 111*v**2 + 303*v - 298. Give d(10).
-168
Let b(q) = 232*q**2 - 24364*q + 426. Calculate b(105).
6
Let k(c) = -321*c - 59747. Give k(-188).
601
Let k(j) = j**3 + 4766*j**2 - 880032*j - 13. What is k(178)?
-13
Let t(o) = 79*o**2 - 21*o - 64. Determine t(-2).
294
Let i(k) = -11*k**2 - 2785*k - 117007. Determine i(-200).
-7
Let f(r) = 5*r**3 + 1570*r**2 - 17872*r - 13. What is f(11)?
20
Let u(r) = 6*r**2 - 649*r - 4719. What is u(115)?
-4
Let g(m) = -6*m**2 + 279*m - 3013. Calculate g(17).
-4
Let b(j) = -j**2 + 1688*j + 56779. What is b(-33)?
-14
Let a(o) = 2*o**3 + 60*o**2 + 46*o + 1572. Give a(-30).
192
Let b(q) = -q**2 + 207*q - 9798. Determine b(131).
158
Let d(o) = -184265*o - 2026922. What is d(-11)?
-7
Let l(o) = 3*o**2 + 1688*o + 101755. Calculate l(-494).
-9
Let w(t) = -159*t**2 + 115909*t + 1451. Give w(729).
-7
Let q(l) = -3020*l - 125146. Determine q(-42).
1694
Let o(u) = 28*u**2 - 3009*u + 1406. Calculate o(107).
15
Let i(z) = 3*z**2 + 35*z - 16752. Determine i(-81).
96
Let d(v) = 4*v**3 - 2*v**2 + 334*v - 22. Calculate d(0).
-22
Let a(w) = 9*w**3 + 151*w**2 - 430*w + 4. Give a(3).
316
Let l(h) = 10436*h + 31220. Determine l(-3).
-88
Let t(r) = -19755*r - 217328. Calculate t(-11).
-23
Let k(a) = -33*a**2 + 3151*a + 1618. Give k(96).
-14
Let l(n) = 174*n - 2195. Determine l(19).
1111
Let i(j) = -299887*j - 32087913. Give i(-107).
-4
Let g(d) = -16*d**2 - 13*d + 1976. What is g(-21)?
-4807
Let n(t) = -t**3 + 157*t**2 - 1739*t - 130. Give n(145).
15
Let h(z) = -z**3 - 21*z**2 + 758*z - 125. What is h(-40)?
-45
Let k(h) = -840*h - 242739. Calculate k(-289).
21
Let d(a) = a**3 - 16*a**2 - 4377*a + 26619. Determine d(6).
-3
Let u(m) = -4887*m**2 - 141726*m - 107. What is u(-29)?
-20
Let g(f) = -f**3 + 42*f**2 - 141*f + 1067. Give g(39).
131
Let m(t) = t**3 - 613*t**2 + 3037*t + 1817. Determine m(608).
-7
Let q(t) = 30*t**3 + 3*t**2 + 9*t + 28. Give q(-4).
-1880
Let h(z) = 214*z**2 - 2789*z - 131. Give h(13).
-222
Let z(i) = -249*i**2 - 97846*i + 4317. What is z(-393)?
-6
Let q(r) = 215*r**2 + 8*r - 5. Determine q(-2).
839
Let c(b) = -114210*b + 799452. Give c(7).
-18
Let y(a) = -2*a**2 - 78*a + 568. Calculate y(-44).
128
Let j(x) = 6*x**3 + 24*x**2 - 81*x - 110. Determine j(5).
835
Let d(j) = -j**3 + 250*j**2 - 2836*j + 805. What is d(238)?
5565
Let x(d) = -32*d**2 - 651*d + 1916. What is x(-23)?
-39
Let a(q) = 108661*q + 651975. Give a(-6).
9
Let q(w) = -1571*w - 13773. What is q(-12)?
5079
Let k(x) = -9*x**2 + 6254*x - 25012. Determine k(4).
-140
Let z(k) = 3017*k + 3370. What is z(-1)?
353
Let f(u) = 10*u**3 - 75*u**2 - 58*u + 69. What is f(8)?
-75
Let x(l) = -6637*l - 46463. What is x(-7)?
-4
Let a(b) = 121*b**2 - 612*b + 2. Determine a(5).
-33
Let r(f) = 1855*f - 604630. What is r(326)?
100
Let i(j) = 10*j**2 - 1380*j + 44717. Determine i(86).
-3
Let o(l) = 49*l**2 + 218*l + 668. What is o(-3)?
455
Let b(i) = 88*i**2 - 31779*i + 3960. Determine b(361).
-11
Let n(u) = 151*u**2 + 5073*u - 1959. What is n(-34)?
115
Let v(g) = g**2 + 1794*g + 569384. Give v(-412).
0
Let a(v) = v**3 + 693*v**2 + 88918*v + 1364. Give a(-170).
4
Let p(x) = -7*x**2 + 195*x - 121. Determine p(21).
887
Let c(s) = 309*s**2 - 53769*s + 521. Determine c(174).
-1
Let r(s) = -4*s**3 - 13*s**2 + 37*s + 249. What is r(-11)?
3593
Let j(m) = 121*m**2 - 1721*m + 1611. Give j(1).
11
Let v(p) = -294*p - 18868. Determine v(-60).
-1228
Let p(d) = -3*d**3 + 775*d**2 + 1400*d - 26038. Give p(260).
-38
Let v(b) = -4*b**3 + 21*b**2 + 21*b - 69. Calculate v(5).
61
Let m(t) = 1238*t - 7797. Calculate m(6).
-369
Let t(v) = -112*v**3 - 2909*v**2 + 188*v + 2869. Determine t(-26).
9
Let c(i) = 1930*i - 428395. What is c(222)?
65
Let i(q) = -q**2 + 10793*q - 75502. Give i(7).
0
Let m(l) = -l**3 + 138*l**2 + 956*l + 1537. Calculate m(-4).
-15
Let j(n) = -304*n - 1541. Give j(-4).
-325
Let f(r) = -8*r**2 + 654*r - 449. Determine f(81).
37
Let v(y) = -8*y**2 + 184*y - 1791. Determine v(13).
-751
Let a(h) = -7*h**2 + 363*h + 3049. Determine a(-8).
-303
Let j(f) = 3*f**2 + 1982*f - 664. Calculate j(-661).
-3
Let m(l) = 1278*l + 14641. What is m(-11)?
583
Let p(i) = 1735*i + 1555. What is p(0)?
1555
Let r(a) = 173868*a - 10779815. What is r(62)?
1
Let i(o) = o**3 + 37*o**2 + 282*o + 7405. Give i(-35).
-15
Let y(v) = -14*v**2 - 8151*v + 5442. Calculate y(-583).
-971
Let o(s) = 2*s**3 - 1473*s**2 - 1022*s + 210019. Calculate o(737).
-26
Let a(q) = 4003*q + 560362. Determine a(-140).
-58
Let k(p) = -p**3 - 35*p**2 + 26*p + 681. Determine k(-35).
-229
Let m(v) = -3436*v + 61733. Determine m(18).
-115
Let x(j) = 444*j + 5974. What is x(-18)?
-2018
Let x(v) = -1642*v - 8213. Calculate x(-5).
-3
Let j(n) = 16235*n + 3750258. Determine j(-231).
-27
Let n(i) = 3*i + 454. Calculate n(127).
835
Let k(x) = 2*x**2 - 593*x + 2361. Determine k(4).
21
Let q(r) = 416*r**2 - 97*r + 3. Calculate q(2).
1473
Let j(n) = 17*n**3 + 8*n**2 - 36*n + 25. Give j(3).
448
Let n(f) = f**3 - 24*f**2 - 695*f + 16316. What is n(28)?
-8
Let m(w) = 5887*w + 52880. Determine m(-9).
-103
Let u(j) = j**3 - j**2 + 24535*j - 73618. What is u(3)?
5
Let o(t) = -t**3 - 99*t**2 - 914*t - 41934. Calculate o(-94).
-198
Let o(y) = 6734*y + 6686. Give o(-1).
-48
Let j(q) = q**3 - 107*q - 218. Determine j(11).
-64
Let f(x) = 6*x**2 + 906*x - 12917. Give f(-164).
-125
Let k(n) = -2303*n + 27649. Determine k(12).
13
Let w(m) = 2197*m - 105470. Calculate w(48).
-14
Let a(r) = -r**3 - 84*r**2 - 183*r + 4969. Calculate a(-81).
109
Let f(x) = x**3 + 76*x**2 - 1260*x - 36. Calculate f(14).
-36
Let j(k) = -2*k**3 + 68*k**2 - 561*k + 13834. Determine j(32).
-22
Let d(n) = 268097*n - 7238615. Calculate d(27).
4
Let y(r) = r**2 + 3127*r - 50204. Determine y(16).
84
Let x(b) = -15173*b - 106208. Calculate x(-7).
3
Let z(p) = 13*p**2 - 985*p - 32755. Give z(-25).
-5
Let w(k) = -21*k**3 + 264*k**2 - 692*k + 78. Give w(9).
-75
Let b(p) = 3*p**3 + 17*p**2 + 157*p + 653. Calculate b(-5).
-82
Let k(s) = s**3 - 552*s - 2219. Give k(-4).
-75
Let g(t) = -24*t**3 - 140*t**2 + 544*t + 3117. Calculate g(-6).
-3
Let n(i) = -i**3 + 29*i**2 - 116*i + 1634. Calculate n(27).
-40
Let c(k) = -33*k**2 + 7325*k - 42828. What is c(6)?
-66
Let r(n) = 43383*n + 43566. Determine r(-1).
183
Let f(d) = -d**2 - 53*d - 463. Calculate f(-9).
-67
Let y(k) = -82592*k + 3634050. Determine y(44).
2
Let b(i) = -48*i**2 - 28964*i + 294444. What is b(10)?
4
Let z(f) = 3261*f - 449982. Give z(138).
36
Let l(y) = 129*y + 26431. Determine l(-205).
-14
Let l(f) = f**2 + 89*f - 340. Calculate l(7).
332
Let j(a) = -373*a**2 + 383*a + 1. What is j(1)?
11
Let k(d) = d**2 + 2870*d + 93630. Give k